Let j(v) = v**3 + 5*v**2 - v + 5. Is j(d) prime?
False
Let p(d) = 4*d**2 - 5*d + 43. Is p(20) composite?
False
Let k(x) = 15*x - 8. Let w = -12 + 17. Suppose -w*b = -f + 3*f - 45, -2*b + 2*f + 4 = 0. Is k(b) prime?
True
Suppose 3*x - 16 = -x. Let z be (-10)/(-3)*(-84)/(-10). Suppose -4*r + 3*q = -z, -r + 0*r + x*q = -7. Is r prime?
True
Suppose 0 = -l + 3*l - 28. Let a = l + 55. Is a composite?
True
Is (690/9)/(0 - (-8)/12) a composite number?
True
Let i = 1 - 1. Suppose -4*p - 2*s = 0, 5*p - s - 8 + 1 = i. Suppose p = -r, -37 - 58 = -4*b + 3*r. Is b a prime number?
True
Suppose 4*w = 2*w. Suppose 0*s - s = w. Suppose -10 = -s*n - n. Is n prime?
False
Let r be (19 - 1)/(2/2). Let z = -13 + r. Let t(m) = -m**3 + 7*m**2 - 7*m. Is t(z) a prime number?
False
Let f = -5 + 9. Suppose -5 = t - 2*g, 0*g = -f*t - g + 16. Suppose 0*d + t*d = 111. Is d composite?
False
Suppose -f = -6*f + 10. Let r(q) = -11*q**3 + 3*q**2 + 11*q - 2. Let m(p) = 6*p**3 - 2*p**2 - 6*p + 1. Let y(t) = -7*m(t) - 4*r(t). Is y(f) prime?
False
Let i = 248 - -1619. Is i a composite number?
False
Suppose 0*n + 2*n - 3*d = 746, 5*n + d - 1865 = 0. Is n a prime number?
True
Let s be 590/8 + (-2)/(-8). Suppose 111 = -3*q + 6*q - 5*b, -2*q = 3*b - s. Is q a prime number?
True
Let y(p) = -22*p + 9. Is y(-5) a composite number?
True
Suppose -2*q + w + 2*w = -18, -4 = -4*q - 2*w. Suppose -3*j + 3*u = 504, -q*j - 8*u + 3*u - 528 = 0. Let s = j + 430. Is s a prime number?
False
Let y be (15 + 0)*(5 + 55/15). Suppose -s + 21 = 4*g - 32, -4*s + 2*g = -212. Suppose -q = s - y. Is q a prime number?
False
Suppose d + 4*v - 29 = 0, d + d + 5*v = 43. Is (159/d)/(-1)*-3 prime?
True
Is (-2)/9 - ((-6416)/36 - 0) a composite number?
True
Let g = -552 - -827. Let l = 20 + -17. Suppose 2*q = -l*q + g. Is q a composite number?
True
Suppose 2*o = -3 + 1, -5*s + 5 = 5*o. Let i = -2 + s. Suppose -23 = -j - i*j. Is j a prime number?
True
Let u(b) = -2*b - 5 - 5 - 4. Let t be u(-10). Suppose 0*i = -5*z - 4*i + 917, -3*i - t = 0. Is z a prime number?
False
Suppose -3*b + 8*b = 95. Is b a composite number?
False
Suppose 4*r + 39 = r - 5*a, 4*r + 60 = -4*a. Let v be r/(-15)*(-190)/(-2). Is -2*(v/(-4) - -2) prime?
True
Let n(d) = 18*d**2 - 4*d - 13. Let f be n(-8). Suppose 0 = -b + 4*l + 225 + 192, 3*b = -4*l + f. Is b a composite number?
False
Suppose 0 = 3*d + 2*a + 25 - 286, 76 = d - 3*a. Is d a composite number?
True
Suppose 5*x - 163 - 432 = -5*j, -458 = -4*j + 5*x. Let g = -64 + j. Is g prime?
True
Suppose -3*n = 5 + 4. Let v be ((-158)/n)/((-4)/(-6)). Suppose 2*w + v = 5*h, 5*w + 5 - 25 = -2*h. Is h prime?
False
Let s(c) = 36*c**2 - 1. Is s(-2) a composite number?
True
Let g(p) be the second derivative of -p**5/20 + p**4/4 + 7*p**3/6 - 3*p**2 - p. Is g(4) a composite number?
True
Suppose 14 = r - 5*m - 17, 2*r + 4*m + 8 = 0. Is (-465)/(-6) + 9/r prime?
True
Let w(d) = 8*d**3 - 2*d**2 + 9*d - 8. Let p(s) = -1 + 4 - 5*s - 3*s**3 + s**2 + 0 + 2*s. Let j(m) = 11*p(m) + 4*w(m). Is j(3) composite?
True
Suppose 7 = m - 3*u - 7, -2*m - 2*u = 4. Is (-3 + 6)/(m/26) prime?
False
Let f(b) = b**3 - 3*b + 1. Let a be f(2). Let g(x) = -x**2 - 8*x + 5. Let d be g(-8). Suppose -d*v = -6*q + 3*q + 77, 0 = -a*q + 3*v + 69. Is q prime?
True
Let b be -1 + -1 + (-12)/1. Let c = b + 33. Is c composite?
False
Suppose -2*f - 3*m = -179, -5*f + 393 = -f - m. Is f a composite number?
False
Let x(t) = -t**2 + 2*t + 4. Let w(y) = -2*y**2 + 2*y + 4. Let q(m) = -2*w(m) + 3*x(m). Is q(-5) a prime number?
True
Let k(w) = 2*w**2 + 7*w - 2. Let a be k(-8). Suppose -a = 2*z - 7*z - 3*s, 5*z - 35 = 4*s. Is z a prime number?
True
Let x(y) = -y**3 - 9*y**2 - 9*y - 5. Let i be x(-8). Suppose -2*u - 3*u = -2*o + 99, -15 = i*u. Is o a prime number?
True
Is (-489)/(-3 + 3 - 1) composite?
True
Let o = -90 + 167. Is o composite?
True
Is ((-10)/(-6) - 2)*-2019 prime?
True
Let a(d) = d**3 - 7*d**2 + 11*d + 9. Is a(10) prime?
True
Suppose -15 = 5*q, -4*q = s - 2*q - 310. Suppose -r + s = 3*r - 5*n, 395 = 5*r + 5*n. Is r composite?
False
Let l = 10 - 9. Let n be 36/(-10) + (-4)/10. Is (l - n)*56/20 composite?
True
Suppose -2*n + 2*h + h + 76 = 0, 0 = -h - 2. Is n composite?
True
Is 34*(-444)/18*(-3)/4 composite?
True
Let c = -4 - 1. Let a = c + 7. Suppose 4*w - 2*v - 32 = a*v, -5*w + 2*v + 55 = 0. Is w a composite number?
False
Let u(z) = 8*z - z + 4*z**2 - z**3 + 2 + 2*z**2. Let m be u(7). Suppose -m*q + 76 - 30 = 0. Is q a composite number?
False
Suppose -45 = -4*f + 231. Let d(i) = i**3 + 11*i**2 + 9*i - 4. Let s be d(-6). Let t = s - f. Is t prime?
True
Suppose 0 = 6*m - 2*m - 620. Is m a composite number?
True
Let i(z) = 15*z**2 - z - 2. Let u(p) = 7*p**2 - 1. Let x(a) = -4*i(a) + 9*u(a). Is x(6) prime?
True
Suppose h = -4*h - 2*u - 325, h - 5*u = -38. Let d = -32 - h. Is d composite?
False
Is ((-8)/6*-3)/((-2)/(-53)) prime?
False
Suppose 0*d + 3*d = -y + 22, -d + 22 = 4*y. Suppose -d*h = -4*h - 314. Is h a prime number?
True
Let u(x) = -149*x - 13. Is u(-10) a composite number?
True
Let l be ((-1)/3)/(3/(-63)). Suppose 2*c - 2*o - 3 - 1 = 0, 18 = 3*c + o. Suppose 0 = -c*k + 2*b + 72, -b = -4*k + l + 50. Is k a composite number?
True
Is 181 + -4*(-6)/(-12) a composite number?
False
Let q be 3/9 - 7991/(-3). Suppose -3*d + d - 1338 = -3*r, q = -4*d + 3*r. Is (-2)/(-7) + d/(-7) composite?
True
Let j(x) = -2*x**3 - 2*x**2 - 2*x - 3. Let c be j(-2). Let g = 82 + c. Is g a prime number?
False
Let c(f) = -f**2 + f + 3. Let k be c(5). Let v = k + 232. Is v a composite number?
True
Suppose 0 = -a - 15 + 220. Let x = a + -118. Is x prime?
False
Suppose 0 = -m, 2*c - 2758 = 5*m - m. Is c prime?
False
Suppose h - 4*b + 2 = 0, 5*h + 3*b - 11 = 2*b. Suppose 178 = -0*m + h*m. Is m composite?
False
Suppose 60 = -3*i - 2*i - z, 4*z = -4*i - 48. Is ((-43)/(-2))/((-6)/i) a prime number?
True
Let p(u) = -12*u**2 - 4*u - 1. Let h = -2 + 4. Let n(z) = -37*z**2 - 13*z - 4. Let v(r) = h*n(r) - 7*p(r). Is v(-2) a composite number?
True
Let v be 1 + (0 - 2/2). Suppose v*t - 4868 = -4*t. Suppose -4*i + t + 459 = 0. Is i a composite number?
False
Suppose 2*a - 19 = a. Suppose -5*k + 654 - a = 0. Is k prime?
True
Let m = -124 - -191. Is m composite?
False
Is 491/1 - (-7 + 11) a composite number?
False
Suppose 2 = 5*x - 3. Let y be (3/2)/x*-30. Is 2 - 1 - (y - -3) prime?
True
Suppose 5 = -2*x - 3*x. Is (13/4)/(x/(-20)) composite?
True
Suppose -5*w + 8010 = -5*l, -4*w - 4*l + 3938 = -2430. Is w prime?
True
Suppose 8348 = 10*l - 3462. Is l a prime number?
True
Suppose 5*f = -0*y - y - 15, 0 = -y - 3*f - 25. Let l = y - -128. Is 2/9 - l/(-9) composite?
True
Let a = 49 - -8. Is a composite?
True
Let n = 5 + -5. Suppose n = 4*k + 5*x - 132, -3*k + 3*x + 165 = 2*k. Is k a prime number?
False
Let k(j) = 2 - 35*j**3 - j**2 + 0*j**2 - 2*j - 3. Suppose 2*i + 15 = 13. Is k(i) prime?
False
Let g(i) = i - 115. Let j be g(0). Is 2/4 - j/2 a composite number?
True
Let y(z) = 5*z**3 - z**2 - z - 2. Let f be y(-2). Let q = f + 109. Is q composite?
True
Suppose -3*h = -6211 - 1703. Suppose 0*i = -2*i + h. Suppose 0*m + 532 = 2*m + r, -5*m + 3*r = -i. Is m composite?
True
Suppose 0 = -5*l + 509 - 74. Let c = l + -53. Is c a prime number?
False
Let l = -7 - -9. Suppose l*o - 96 = -4*j + 2*j, -2*o + 99 = 5*j. Is o prime?
True
Suppose 0*d - d = -2. Suppose 0 = -2*o - 2*u - d*u + 8, 5*u = 5. Suppose -p - 19 = -o*p. Is p prime?
True
Suppose 5*z - 10 = 3*c, 3*c = z + c - 2. Suppose -2*x - 3*x = -z*s + 145, 5*s - 406 = -2*x. Suppose -2*q + 3*g + s = 0, -137 = -0*q - 3*q - 4*g. Is q prime?
True
Let w(y) be the third derivative of y**5/12 + y**4/6 + y**3/6 + 2*y**2. Is w(-4) composite?
True
Suppose 2*q = -0 + 6. Let d = q - 1. Suppose 5*g = d*o - 29, 4*g - 15 = -3*o + 2*g. Is o a composite number?
False
Suppose 2*b - 4*a = 298, -2*b - a + 4*a = -296. Is b a composite number?
True
Let b be -15*4/((-12)/5). Let w = b - -10. Is w composite?
True
Suppose -4*l + 9*l = 20. Suppose -l*u - 5*x = -1, u = -4*x + 8 + 6. Let k = u - -21. Is k a composite number?
True
Let y(g) = -g**2 - 12*g + 11. Let r be y(-12). Let o(n) = -n + 15. Is o(r) a composite number?
True
Is (-202)/(-1) + (-2 - -3) composite?
True
Let m(j) = 22*j - 2. Let v be m(6). Suppose 124 = 2*y - v. Is y a composite number?
False
Let l(v) = -7*v